0100021
Convert a04ab (base 15) to base 3.
221202220022
-12014302132 (base 5) to base 15
-13306cc
Convert 361c14 (base 14) to base 3.
10110221110112
What is 323213300 (base 4) in base 3?
110101222202
6cac27 (base 13) to base 9
4784011
15415240 (base 8) to base 9
6603773
What is 6a6c6 (base 13) in base 3?
100212211011
Convert -610531 (base 8) to base 15.
-3e884
372435 (base 8) to base 11
88423
-22112011100000 (base 3) to base 6
-241033213
Convert 333550121 (base 6) to base 3.
102102002021211
-318746 (base 14) to base 10
-1675274
-196b (base 13) to base 10
-3807
What is 237c1 (base 14) in base 5?
10232410
Convert ec449 (base 16) to base 9.
1734451
Convert -13034011 (base 5) to base 16.
-1f195
Convert d84c68 (base 14) to base 12.
25478b8
What is 974b (base 15) in base 6?
404125
Convert -222062125 (base 7) to base 4.
-303032013022
Convert 214221 (base 11) to base 3.
122101120222
2612210 (base 7) to base 4
1102312010
What is -b90c1 (base 14) in base 13?
-128877
What is -16962b (base 12) in base 8?
-1371103
-13ed87 (base 15) to base 8
-3526020
What is 111808 (base 12) in base 13?
97022
Convert -121244321 (base 5) to base 4.
-2023212330
-4a50b (base 16) to base 15
-602d0
-8381452 (base 9) to base 13
-c0c236
Convert 110102100222212 (base 3) to base 11.
37a9552
-414a38 (base 12) to base 13
-29b3b8
Convert 23796cb (base 13) to base 12.
381b022
What is -756416 (base 9) in base 14?
-ba445
Convert 1433310 (base 6) to base 13.
2b683
Convert -84264 (base 10) to base 12.
-40920
What is -1111010011101100001 (base 2) in base 6?
-14430121
-6233aa (base 12) to base 13
-41c089
What is 12012110200 (base 3) in base 9?
165420
What is 223025150 (base 6) in base 14?
77a88a
What is -107d34 (base 14) in base 11?
-352501
What is 20570220 (base 8) in base 16?
42f090
What is 272697 (base 14) in base 2?
101001001111010111101
What is -12074d (base 15) in base 10?
-862273
-464241 (base 9) to base 13
-99ac9
Convert -441230131 (base 5) to base 2.
-111001111100100100111
What is 16538520 (base 9) in base 8?
37504676
Convert 5323b (base 12) to base 13.
3a91c
What is 203540015 (base 6) in base 3?
20200000110102
Convert 9990257 (base 11) to base 12.
5a52151
Convert 2372776 (base 8) to base 11.
406503
Convert 1100776 (base 8) to base 4.
1020013332
What is -9716d (base 14) in base 12?
-157451
What is 12245641 (base 8) in base 13?
739aaa
1103735 (base 9) to base 8
2206574
Convert 134218 (base 9) to base 2.
10011111110100011
2212012021 (base 3) to base 2
1101101111010011
-102221 (base 10) to base 5
-11232341
What is -163008 (base 12) in base 5?
-44102230
-1118 (base 9) to base 5
-11302
Convert -24351310 (base 6) to base 12.
-315536
Convert 111010010100011 (base 2) to base 10.
29859
Convert -1111000000100110 (base 2) to base 13.
-21ca1
Convert 1eb25e (base 16) to base 9.
3705528
Convert -1123201000 (base 4) to base 5.
-43443343
What is -417601 (base 8) in base 4?
-201332001
-45016 (base 11) to base 16
-fed4
Convert 576878 (base 10) to base 15.
b5dd8
Convert 28775a9 (base 12) to base 15.
aa6216
2b1695 (base 13) to base 6
34415454
-350463 (base 8) to base 4
-131010303
What is -70a98 (base 12) in base 11?
-a0251
Convert -60455 (base 12) to base 9.
-210482
What is 10314352 (base 6) in base 8?
1124634
What is -3d73 (base 16) in base 6?
-200455
What is -135034 (base 8) in base 7?
-255622
2202201112021 (base 3) to base 11
915021
What is -132001023 (base 4) in base 3?
-20020122220
What is 2225441 (base 6) in base 14?
2d105
-1004a6 (base 13) to base 8
-1326611
What is 12012110021022 (base 3) in base 7?
32332646
Convert 20101121001022 (base 3) to base 11.
1a10391
What is 1692418 (base 10) in base 5?
413124133
Convert -11220201021 (base 3) to base 14.
-27388
What is -1120011211202 (base 3) in base 4?
-3022230020
154d2 (base 14) to base 4
30331300
Convert -18a187b (base 12) to base 13.
-10c7c21
Convert -414b5 (base 12) to base 6.
-1455145
490b04 (base 12) to base 3
2020010111211
-300801 (base 10) to base 11
-195aa6
What is 438283 (base 12) in base 11?
672246
Convert -10000001001110110010 (base 2) to base 7.
-4333144
1302023200 (base 4) to base 12
1a6794
Convert 1110101111011100 (base 2) to base 12.
2ab38
-22652326 (base 8) to base 16
-4b54d6
Convert -6b607 (base 13) to base 4.
-233333022
57623 (base 8) to base 11
17423
-1011010101110110011 (base 2) to base 14
-99615
103330112000 (base 4) to base 10
5227904
132015514 (base 6) to base 9
4825461
What is 808633 (base 10) in base 9?
1462211
312011202 (base 4) to base 5
24042123
What is -100100010111101111001 (base 2) in base 15?
-1881d6
What is 155343 (base 9) in base 2?
10111011000100101
Convert 1694aa (base 11) to base 2.
111111110101101000
Convert -10456253 (base 7) to base 13.
-258bb1
What is -2622322 (base 8) in base 3?
-1101002210222
-1124334202 (base 5) to base 9
-4753245
What is -400345 (base 8) in base 5?
-13200201
What is 405366 (base 10) in base 6?
12404410
Convert -2554778 (base 9) to base 14.
-2842a2
What is 3850e (base 16) in base 8?
702416
Convert 1110100111001101101 (base 2) to base 3.
220022211102
What is 123103133 (base 4) in base 6?
2221435
Convert 191833 (base 12) to base 5.
103012000
What is 843029 (base 12) in base 14?
3c182d
Convert -1011001111101001111 (base 2) to base 13.
-cb934
What is -247483 (base 9) in base 12?
-72870
What is 6150232 (base 8) in base 7?
16552205
41c468 (base 16) to base 3
22002222101002
What is -1015055112 (base 6) in base 16?
-a1b874
Convert a57a5 (base 12) to base 16.
3502d
Convert -917da1 (base 15) to base 6.
-404050341
2b8 (base 16) to base 15
316
-21044323 (base 5) to base 8
-525563
1120022110010 (base 3) to base 15
116b80
Convert -11414600 (base 7) to base 15.
-14eee2
Convert -21009 (base 16) to base 2.
-100001000000001001
Convert -264142 (base 8) to base 10.
-92258
Convert -102302100 (base 4) to base 9.
-126483
What is -641504 (base 9) in base 7?
-3146521
Convert 366470 (base 10) to base 6.
11504342
What is -17122205 (base 9) in base 6?
-503455352
What is -21122210001 (base 3) in base 2?
-100100110011010110
-96c515 (base 14) to base 8
-23362307
What is -30102311 (base 4) in base 14?
-144cd
-75512 (base 13) to base 12
-a2678
Convert -5758438 (base 9) to base 12.
-105b608
Convert 15880 (base 12) to base 7.
155166
Convert -342403 (base 7) to base 8.
-166756
What is -10600621 (base 7) in base 6?
-31452554
What is 101433141 (base 5) in base 16?
66cb6
What is -2414402 (base 5) in base 4?
-22332301
What is -181944 (base 14) in base 11?
-530453
5a8462 (base 13) to base 5
1023113112
-a497b (base 12) to base 10
-215663
Convert -18c04a (base 14) to base 11.
-54a845
127876 (base 9) to base 2
10011000010100111
Convert 6413 (base 15) to base 6.
242000
What is 557286 (base 9) in base 8?
1213121
-103212002 (base 4) to base 11
-55332
What is -11100010000101101010010 (base 2) in base 3?
-111221101111122
What is 4004332 (base 6) in base 4?
231303200
Convert 9a85770 (base 11) to base 10.
17679266
Convert 201010200010120 (base 3) to base 14.
14ca1d4
What is -476876 (base 12) in base 3?
-2011112101000
Convert -257880 (base 10) to base 4.
-332331120
Convert -24254401 (base 6) to base 9.
-1402541
2b5643 (base 12) to base 11
4624a9
Convert 13269 (base 15) to base 12.
2b583
Convert 2a190 (base 11) to base 9.
64648
What is 1a17a (base 11) in base 16?
6dff
What is 510231052 (base 6) in base 16?
84b768
Convert 10111100110111010100 (base 2) to base 11.
489232
-121405345 (base 6) to base 16
-236081
Convert 110110111011100010101 (base 2) to base 14.
34bd65
Convert -23a745 (base 12) to base 15.
-b64c8
Convert -16715662 (base 9) to base 2.
-100000000001101110111010
4445220 (base 6) to base 9
371333
Convert 15125125 (base 7) to base 11.
8a02aa
1979688 (base 11) to base 3
20021111112222
100100111000110011 (base 2) to base 11
a3576
What is 817b47 (base 13) in base 6?
144351522
-403012 (base 8) to base 4
-200120022
What is -74554 (base 16) in base 10?
-476500
9042b (base 15) to base 6
13441422
What is 75a9d6 (base 16) in base 13?
179cb46
-1161412 (base 8) to base 3
-121021022201
What is -b7a39 (base 12) in base 3?
-110021112000
Convert 1010100110100000100 (base 2) to base 3.
122122112112
What is 177783 (base 11) in base 4?
1002312001
Convert 2175 (base 13) to base 14.
19ab
-1337752 (base 10) to base 7
-14241103
What is 16e2c (base 16) 